{"id":50,"date":"2020-05-04T13:07:38","date_gmt":"2020-05-04T11:07:38","guid":{"rendered":"http:\/\/accsens.eu\/?page_id=50"},"modified":"2022-07-01T09:51:37","modified_gmt":"2022-07-01T07:51:37","slug":"formations","status":"publish","type":"page","link":"https:\/\/accsens.eu\/index.php\/formations\/","title":{"rendered":"Formations"},"content":{"rendered":"<p><img loading=\"lazy\" decoding=\"async\" class=\"size-medium wp-image-209 alignleft\" src=\"https:\/\/accsens.eu\/wp-content\/uploads\/2020\/05\/people-2557396-300x200.jpg\" alt=\"\" width=\"300\" height=\"200\" srcset=\"https:\/\/accsens.eu\/wp-content\/uploads\/2020\/05\/people-2557396-300x200.jpg 300w, https:\/\/accsens.eu\/wp-content\/uploads\/2020\/05\/people-2557396-1024x683.jpg 1024w, https:\/\/accsens.eu\/wp-content\/uploads\/2020\/05\/people-2557396-768x512.jpg 768w, https:\/\/accsens.eu\/wp-content\/uploads\/2020\/05\/people-2557396-1536x1024.jpg 1536w, https:\/\/accsens.eu\/wp-content\/uploads\/2020\/05\/people-2557396-2048x1365.jpg 2048w\" sizes=\"auto, (max-width: 300px) 100vw, 300px\" \/><strong><span style=\"color: #d67b0f;\">Formatrice ind\u00e9pendante, <\/span><\/strong><span style=\"color: #000000;\">dot\u00e9e d&rsquo;une exp\u00e9rience de pr\u00e8s de <strong>20 ans<\/strong> de <strong>Formatrice<\/strong> puis de <strong>Responsable de formations professionnelles <\/strong>puis de<strong> Coordinatrice d&rsquo;antenne territoriale<\/strong> au sein d\u2019organismes de formation associatifs \u0153uvrant dans le champ de l\u2019\u00e9ducation populaire et de l\u2019\u00e9ducation nouvelle.<\/span><\/p>\n<p><span style=\"color: #000000;\"> J\u2019ai organis\u00e9 de nombreuses formations professionnelles certifiantes et dipl\u00f4mantes (DEJEPS, BPJEPS, BAPAAT\/CPJEPS, CQP) et ai dirig\u00e9 l\u2019antenne toulousaine et le d\u00e9veloppement territorial d\u2019un de ces organismes. <\/span><\/p>\n<p><span style=\"color: #000000;\"><strong>Je travaille dans une dynamique positive, engag\u00e9e et bienveillante favorisant l\u2019\u00e9volution personnelle et la dynamique collective, tout en permettant \u00e0 chacun et chacune de se r\u00e9aliser dans le m\u00e9tier qu\u2019il ou elle a choisi.<\/strong><\/span><\/p>\n<h1><span style=\"color: #d67b0f;\"><strong>Mes domaines d&rsquo;interventions :<\/strong><\/span><\/h1>\n<div style='width: 100%;'><div style='position: relative; padding-bottom:68.46%; padding-top: 0; height: 0;'><iframe frameborder='0' width='2045' height='1400' style='position:absolute; top: 0; left: 0; width: 100%; height: 100%;' src='https:\/\/view.genially.com\/5f774673ff5a000cf0bda7e0' type='text\/html' allowscriptaccess='always' allowfullscreen='true' scrolling='yes' allownetworking='all'><\/iframe><\/div><\/div>\n<p>&nbsp;<\/p>\n<p style=\"text-align: center;\"><strong>ou tout autre sujet sur lequel un \u0153il ext\u00e9rieur et une m\u00e9thodologie de travail vous permettront de retrouver le go\u00fbt et le sens de votre action.<\/strong><\/p>\n<h1><span style=\"color: #d67b0f;\"><strong>Mes m\u00e9thodes p\u00e9dagogiques :<\/strong><\/span><\/h1>\n<p><img loading=\"lazy\" decoding=\"async\" class=\"size-medium wp-image-210 alignleft\" src=\"https:\/\/accsens.eu\/wp-content\/uploads\/2020\/05\/people-3370833-300x188.jpg\" alt=\"\" width=\"300\" height=\"188\" srcset=\"https:\/\/accsens.eu\/wp-content\/uploads\/2020\/05\/people-3370833-300x188.jpg 300w, https:\/\/accsens.eu\/wp-content\/uploads\/2020\/05\/people-3370833-1024x641.jpg 1024w, https:\/\/accsens.eu\/wp-content\/uploads\/2020\/05\/people-3370833-768x481.jpg 768w, https:\/\/accsens.eu\/wp-content\/uploads\/2020\/05\/people-3370833-1536x961.jpg 1536w, https:\/\/accsens.eu\/wp-content\/uploads\/2020\/05\/people-3370833-2048x1281.jpg 2048w\" sizes=\"auto, (max-width: 300px) 100vw, 300px\" \/>Une<strong> p\u00e9dagogie active<\/strong>,<br \/>\nDes <strong>m\u00e9thodes participatives,<\/strong><br \/>\nDes <strong>documents r\u00e9capitulatifs<\/strong> des concepts abord\u00e9s, distribu\u00e9s en fin de s\u00e9ance<br \/>\nUn<strong> suivi personnalis\u00e9<\/strong> au sein du collectif avant, pendant et apr\u00e8s l&rsquo;intervention<br \/>\nMes ma\u00eetres mots :<strong> Bienveillance et Exigence.<\/strong><\/p>\n","protected":false},"excerpt":{"rendered":"<p>Formatrice ind\u00e9pendante, dot\u00e9e d&rsquo;une exp\u00e9rience de pr\u00e8s de 20 ans de Formatrice puis de Responsable de formations professionnelles puis de Coordinatrice d&rsquo;antenne territoriale au sein d\u2019organismes de formation associatifs \u0153uvrant dans le champ de l\u2019\u00e9ducation populaire et de l\u2019\u00e9ducation nouvelle. J\u2019ai organis\u00e9 de nombreuses formations professionnelles certifiantes et dipl\u00f4mantes (DEJEPS, BPJEPS, BAPAAT\/CPJEPS, CQP) et ai &hellip; <\/p>\n<p class=\"link-more\"><a href=\"https:\/\/accsens.eu\/index.php\/formations\/\" class=\"more-link\">Continuer la lecture<span class=\"screen-reader-text\"> de &laquo;&nbsp;Formations&nbsp;&raquo;<\/span><\/a><\/p>\n","protected":false},"author":1,"featured_media":0,"parent":0,"menu_order":0,"comment_status":"closed","ping_status":"closed","template":"","meta":{"footnotes":""},"class_list":["post-50","page","type-page","status-publish","hentry"],"jetpack_sharing_enabled":true,"_links":{"self":[{"href":"https:\/\/accsens.eu\/index.php\/wp-json\/wp\/v2\/pages\/50","targetHints":{"allow":["GET"]}}],"collection":[{"href":"https:\/\/accsens.eu\/index.php\/wp-json\/wp\/v2\/pages"}],"about":[{"href":"https:\/\/accsens.eu\/index.php\/wp-json\/wp\/v2\/types\/page"}],"author":[{"embeddable":true,"href":"https:\/\/accsens.eu\/index.php\/wp-json\/wp\/v2\/users\/1"}],"replies":[{"embeddable":true,"href":"https:\/\/accsens.eu\/index.php\/wp-json\/wp\/v2\/comments?post=50"}],"version-history":[{"count":25,"href":"https:\/\/accsens.eu\/index.php\/wp-json\/wp\/v2\/pages\/50\/revisions"}],"predecessor-version":[{"id":366,"href":"https:\/\/accsens.eu\/index.php\/wp-json\/wp\/v2\/pages\/50\/revisions\/366"}],"wp:attachment":[{"href":"https:\/\/accsens.eu\/index.php\/wp-json\/wp\/v2\/media?parent=50"}],"curies":[{"name":"wp","href":"https:\/\/api.w.org\/{rel}","templated":true}]}}